divisor of 32 and l.
32
Let q = 0 - -2. Suppose 208 = 6*p - q*p. What is the highest common factor of p and 130?
26
Let f be (-200)/120*(-108)/15. Let i(l) = -2*l**3 + 2*l**2 - 1. Let w be i(2). Let g be (-50)/(-18) + (-2)/w. Calculate the greatest common divisor of g and f.
3
Suppose 136 = 2*a + 2*r, -2*a - 2*a = 2*r - 262. Suppose -6*c + c = -2*o - a, 2*o + 8 = 0. What is the greatest common factor of 99 and c?
11
Let h = -339 + 350. Calculate the highest common factor of h and 242.
11
Let x(g) = g**2 - 3*g. Let l be x(6). Suppose l = -5*n - 47. Let v be n/(3*(-1)/3). What is the highest common divisor of v and 39?
13
Suppose -9 + 1 = 4*s. Let h = s + -16. Let j = 20 + h. What is the greatest common divisor of 16 and j?
2
Suppose -8*b + 93 = -11*b. Let w = -1 - b. What is the highest common divisor of 20 and w?
10
Let j(a) = 15*a + 75. Let o be j(-5). Let x(i) = i**2 + 6*i + 1. Let l be x(o). What is the highest common divisor of 1 and l?
1
Let i = 4 - 0. Suppose 0 = 4*n - 50 - 62. What is the greatest common divisor of i and n?
4
Let z be 3*(1 - (-10)/(-15)). Suppose 0 = 10*a - 7*a - 24. Calculate the greatest common factor of z and a.
1
Suppose -15*n = -10*n + 30. Let p be 3/3 - (n - -3). What is the greatest common factor of 20 and p?
4
Let s(b) = 2*b - 6. Let o be 4/6 + (-273)/(-63). Let l be s(o). What is the highest common divisor of 20 and l?
4
Let x(u) = -u**3 + 7*u**2 - 6*u. Let v(c) = -c - 2. Let p be v(9). Let y be -2*(3 + p/2). Let i be x(y). Calculate the greatest common divisor of i and 220.
20
Let b be 32/56 + (1720/28 - 2). Calculate the greatest common divisor of b and 960.
60
Suppose -4*p = -1 - 7. Suppose -4*x + 16 = 4*j, -3 = -j - p*x - 0. Suppose j*b - 25 = 80. Calculate the greatest common factor of b and 63.
21
Let t(f) = 40 - 11 - 3 - 2*f. Let l be t(12). Suppose 7*a = l*a + 20. What is the greatest common divisor of a and 36?
4
Let k(g) = g**2 + 15*g - 14. Let u be k(-14). Let o be ((-4)/(-8))/((-2)/u). Suppose -4*n + 5 = -o. What is the greatest common divisor of 2 and n?
1
Let u(z) = -2*z**2 + 28*z + 13. Let b be u(14). Calculate the highest common divisor of 325 and b.
13
Let h = -239 - -473. What is the greatest common divisor of h and 36?
18
Let j = -3415 - -3460. Let h = 29 + -19. Calculate the highest common factor of j and h.
5
Let l = -2057 + 2169. What is the greatest common factor of l and 126?
14
Let n(q) = 5*q + 83. Let x be n(-11). What is the highest common factor of 14 and x?
14
Let f = 14 + -18. Let h be 2/f - (-237)/6. Suppose 0 = 2*m - m + 3*n - h, 2*m - 5*n = 100. What is the greatest common factor of m and 5?
5
Suppose -2*l + 28 = -4*t + 7*t, -4*t + 3*l = -26. Calculate the highest common factor of 1 and t.
1
Let c be 3*20/36*3. Let a = 16 + -6. Suppose -4*x - 5 = 5*g, 4*x + 5*g = 3*g + a. Calculate the highest common divisor of c and x.
5
Let j(s) = -2*s**2 - 9*s + 9. Let t be j(-8). Let p = -27 - t. What is the greatest common divisor of p and 12?
4
Suppose -34*r = -3311 - 225. Calculate the highest common divisor of r and 65.
13
Let j = -826 + 830. Calculate the highest common factor of j and 1.
1
Let d(i) = i**3 + 10*i**2 - 4*i + 3. Let c be d(-6). Let m be 16*-1 + (2 - 0). Let f = 33 + m. What is the highest common factor of c and f?
19
Let p = -204 + 134. Let o = 98 + p. Let z(t) = 2*t**2 - 17*t + 33. Let f be z(2). What is the highest common factor of o and f?
7
Suppose 5*b + 770 = 16*b. Let q be 16/10 + 2/5. Suppose 2*a - b = -3*i, -q*i + 37 = a - 8. Calculate the greatest common divisor of 4 and i.
4
Suppose 0 = b + 2*b - 270. Suppose -32 = -5*f - 7. Suppose 5*h - 115 = 5*d, 0*d - f*d - 25 = 0. Calculate the highest common divisor of b and h.
18
Let u be (1*1008)/(-8)*4/(-6). What is the greatest common divisor of u and 126?
42
Suppose -2*q = -4*g - 1454, -4*q = -0*g - g - 2894. Suppose 4*n = -19 + q. Calculate the greatest common factor of 22 and n.
22
Suppose 41*f = 34*f + 455. What is the highest common divisor of 26 and f?
13
Suppose -18*f + 18 + 0 = 0. Let q be (0 + 1)/(2 + -1). What is the greatest common factor of f and q?
1
Suppose 5*a = 82 + 53. What is the greatest common factor of 3 and a?
3
Let k(a) = 4*a**3 + 2*a**2 + 26. Let t be k(0). Calculate the greatest common divisor of t and 2.
2
Suppose k = c + 72 - 12, -3*k + 180 = 2*c. Let z be (6/2 + 1)*10. Calculate the highest common divisor of k and z.
20
Let m = -11 - -14. Suppose -198 = -4*q + 5*f, -m*f - 3 + 9 = 0. What is the greatest common divisor of q and 26?
26
Suppose 779 = 5*r + 2*x, 4*r + 773 = 9*r - x. What is the highest common factor of 5 and r?
5
Let z = -269 + 2123. What is the greatest common divisor of z and 6?
6
Let a = -54 - -174. What is the highest common divisor of 135 and a?
15
Let d = 47 - 29. Let f = -2 - -5. Suppose n - 324 = -2*h, 0*n + 486 = f*h - n. Calculate the highest common divisor of d and h.
18
Suppose 0 = -5*n + 330. Calculate the greatest common divisor of 242 and n.
22
Let w = 110 + -99. What is the greatest common factor of 5 and w?
1
Let m = 172 + -169. What is the highest common factor of m and 11?
1
Let u = -53 + 1039. Calculate the greatest common factor of 116 and u.
58
Let a(l) = -4*l + 23. Let y be a(-4). Calculate the greatest common factor of 24 and y.
3
Let z = -5 - -1. Let c(j) = j**2 + 3*j - 2. Let i be c(z). Let g be -3 + (i - -3) - -11. Calculate the greatest common divisor of 104 and g.
13
Suppose 10*u - 4*u = 18. Suppose -5*o + 76 = 2*y, 6*o + 2*y = u*o + 48. Suppose -3*d - 770 = -8*d. Calculate the highest common divisor of o and d.
14
Let o(m) = 11*m + 6. Let p be o(6). Suppose 4*f - p = 40. Suppose 5*l - 32 = f. What is the highest common factor of 96 and l?
12
Let g = -19 - -35. Suppose 0 = -2*y + 8 + g. What is the greatest common factor of 30 and y?
6
Suppose -1197 = -65*m + 298. Calculate the highest common divisor of m and 1794.
23
Let w = 24 - 7. Suppose -5*s - w = 3*p, -5*p + 7*s = 3*s - 21. Calculate the highest common factor of p and 11.
1
Let q be 3857/35 - 2/10. Suppose -d - 2*d + 9 = 0. Let r(i) = i**3 - i**2 - 4*i + 4. Let x be r(d). Calculate the greatest common divisor of x and q.
10
Let c(y) = y**3 + 11*y**2 + 14*y + 46. Let b be c(-10). What is the highest common divisor of b and 6?
6
Let i(d) = 6*d**2 - 7*d + 65. Let x be i(0). Let s be (-1)/(-2)*52/1. What is the greatest common divisor of s and x?
13
Let c(y) = 12*y**2 - 2. Let h be c(1). Let d(i) = 8*i - 42. Let t be d(6). What is the greatest common factor of h and t?
2
Suppose 3*v + z - 3 - 27 = 0, -4*z = 2*v - 10. Suppose w = -v + 43. Let d = -7 + 15. Calculate the highest common divisor of w and d.
8
Let o = -14 - -23. Suppose -290*a + 287*a = -216. What is the highest common factor of a and o?
9
Let q be (-42)/(-5) + (-2)/5. Suppose 5 = z - v, 2*z - 2*v = 3*z + 1. Let t(i) = i**2 + 4*i - 5. Let b be t(z). Calculate the highest common factor of b and q.
8
Let r be (1 - 1) + (10 - -342). Let o be 2 + (0 + -2 - -32). Calculate the greatest common factor of r and o.
32
Suppose -3*g - p - 1 = 0, 2*g + 3*p = -0*p - 3. Suppose g = -a + 4*r - 6, -2*a = -r + 5*r - 48. Calculate the greatest common factor of 35 and a.
7
Suppose 65*p = 8922 + 4728. Calculate the greatest common divisor of 180 and p.
30
Suppose 0 = -5*r - 0*r + 5, -5*f + 11 = r. Let n = 13 + f. Let c = -7 + n. What is the greatest common divisor of 2 and c?
2
Let k = -354 - -368. Suppose y - 123 = 3. What is the highest common divisor of k and y?
14
Suppose 0 = 3*g + g - 32. Let y(n) = 8*n. Let v be y(g). Suppose 0 = -5*r - 14 + 54. Calculate the greatest common factor of r and v.
8
Suppose t = 3*k - 212, 2*k + 68 = 3*k - t. What is the greatest common factor of 32 and k?
8
Let u be -10*(-10)/(-25) + 20/2. Suppose -5*z - 7 + 2 = 0. Let j = 16 + z. What is the highest common divisor of j and u?
3
Let s be 4/6 - (-4)/3. Suppose 107 = 5*r + m, 1 = -2*r + 2*m + 51. Calculate the highest common factor of r and s.
2
Let u = 12 + -11. Let n = u - -21. What is the greatest common divisor of 66 and n?
22
Suppose y - 4*b + 16 = 0, -5*y - 20 = -6*y - 5*b. Suppose y = -2*s - s + 1128. What is the greatest common divisor of s and 47?
47
Let r be 4/13*221/34. Let i = -6 - -14. What is the highest common factor of i and r?
2
Let v(a) = 10*a + 7. Le